4/s + (-897)/(-21) is divided by 22.
21
Suppose -4*c + 54 = -d, 5*c = 2*c + 5*d + 49. Calculate the remainder when 49 is divided by c.
10
Let a = -200 + 354. What is the remainder when a is divided by 26?
24
Suppose 0 = 4*x + x - 10, -i - 5*x + 22 = 0. What is the remainder when 21 is divided by i?
9
Let h be -1*1/(2/(-12)). Let c be 20*(-3)/6*-2. Suppose 0 = -h*n + n + c. Calculate the remainder when 6 is divided by n.
2
Calculate the remainder when 31 is divided by 0 - 2 - (3 - 17).
7
Let c be 32/18 - (-8)/36. Calculate the remainder when (-4)/6 - (-124)/6 is divided by 12 + -4 + 1 + c.
9
Let t = 50 - 45. Suppose 0*a = -4*a + 28. What is the remainder when a is divided by t?
2
Let p(a) = a**3 - 2*a**2 - a. Let f(t) = t**2 - 34*t - 143. Calculate the remainder when f(38) is divided by p(3).
3
Let a be (1 - -1)*10/4. Let b(k) = 5*k + 4 - 6 + 2 - 7. Calculate the remainder when 34 is divided by b(a).
16
Suppose 4*n - 3 = 3*n. What is the remainder when 9 is divided by n?
0
Suppose 3*q - 4*c = 274, 2*q + 4*c = -c + 175. Let y = -43 + q. Let x = y - 24. Calculate the remainder when x is divided by 8.
7
Suppose -20 = -0*z - 4*z. Let a(d) = d**2 - 4*d + 7. Calculate the remainder when (-90)/(-4) - 2/(-4) is divided by a(z).
11
Let r = 61 + -31. What is the remainder when r is divided by 16?
14
Let b be 36/30*(-10)/(-4). Let n = b - -7. What is the remainder when 28 is divided by n?
8
Suppose 98 = m - 3*k, -5*k - 328 = -4*m + 78. Calculate the remainder when m is divided by 7.
6
Suppose 5*z - 36 - 14 = 0. What is the remainder when 19 is divided by z?
9
Let c(i) = 3*i**2 - i + 1. Suppose 6*n = 3*n + 24. Calculate the remainder when n is divided by c(1).
2
Let x = 8 - -3. Calculate the remainder when 63 is divided by x.
8
Suppose 0 = -f + 4, f = h - f - 17. Calculate the remainder when 97 is divided by h.
22
Let d(c) be the third derivative of -5*c**4/12 + c**2. Let x = 37 + -26. What is the remainder when d(-2) is divided by x?
9
Let j be -1 + 6/2 - 2. Let v be (8 + j + 0)/1. Suppose -v = -n - n. Calculate the remainder when 10 is divided by n.
2
Let l = 30 - 11. Let y be 1 + 1 - 1 - -3. Suppose 0 = y*t - 6*t + 14. Calculate the remainder when l is divided by t.
5
Let d = 19 + -9. Let j be 1 + -2 + 2 - -2. Let m(n) = 7*n - 2. What is the remainder when m(j) is divided by d?
9
What is the remainder when 54 is divided by ((-45)/6)/(9/(-18))?
9
Suppose -2 = -4*z + 6. What is the remainder when ((-3)/z)/(2/(-84)) is divided by 22?
19
Suppose 5*i - 47 = -17. Calculate the remainder when 33 is divided by -2*-3*i/4.
6
Let a be -3 - (-2 - (-3 - 0)). Let o = -6 - a. Let v = 5 - o. What is the remainder when v is divided by 5?
2
Let n(j) = j**3 - 5*j**2 - 5*j - 7. Suppose -2*x + 4 = -8. Let f be n(x). What is the remainder when (f - -2)*123/3 is divided by 14?
13
Suppose 7 = -3*t + 64. Suppose o = -2*o + 87. Suppose 0 = -2*i - f + 23, -4*f + 11 = -3*i + o. Calculate the remainder when t is divided by i.
9
Let y(p) = p**2 - 5*p + 8. What is the remainder when y(3) is divided by (0 - 0/(-2)) + 2?
0
Suppose -3*l + 2*l + 64 = 0. Calculate the remainder when l/(-4)*(-1 - 0) is divided by 9.
7
Let h be (-1)/6*-2*0. Suppose y + 3*y - 136 = h. Calculate the remainder when 133 is divided by y.
31
Suppose d = 4*y + 80, -4*d = -5*y + 6*y - 252. Suppose -111 = -3*r - 4*a - 15, -a = 2*r - d. What is the remainder when r is divided by 11?
10
Suppose 5*a - 61 = 44. Let s(f) = f**3 + 7*f**2 + 3*f - 4. Let l be s(-6). Suppose 3*p = 47 - l. Calculate the remainder when a is divided by p.
10
Let p be -2 + (8 - (1 + 0)). Let x be (12/15)/(1/5). Suppose -3*y = 5*d - 3, x*y = -3*d + p*d + 30. What is the remainder when 17 is divided by y?
5
Let y = -100 + 104. Calculate the remainder when y is divided by 3.
1
Suppose -37 = -5*b - 7. Let f(d) = 2*d**2 - 2*d - 1. Let r be f(-1). Let h(t) = t**3 - 2*t**2 + t - 1. What is the remainder when h(r) is divided by b?
5
Let m be 2/3 + 82/3. Let u = -8 + m. Calculate the remainder when ((-1)/(-2))/((-18)/(-2088)) is divided by u.
18
Let b = 32 + -9. Let s = 42 - b. What is the remainder when 36 is divided by s?
17
Let m(a) = a**2 + 4*a + 8. Calculate the remainder when 22 is divided by m(-4).
6
Let d(q) = 2*q**2 + 2*q. Let x be d(-3). Let o = -4 + x. Let s = o + 29. What is the remainder when s is divided by 19?
18
Let h(l) = -16*l**2 - l - 1. Let x be h(-1). Suppose -5*y - 4*d = d - 10, 0 = 4*y - d + 12. Let q = y - x. What is the remainder when q is divided by 5?
4
Let p(r) = r**3 + 10*r**2 + r + 14. Let c(b) = 3*b - 5. Calculate the remainder when c(6) is divided by p(-10).
1
Suppose -3 + 5 = 2*b. Let i be 1/4 + (-3)/(-4). Let t(p) = 2*p**2 - p. What is the remainder when b is divided by t(i)?
0
Let q = 11 - 7. Calculate the remainder when (-1 + (-46)/(-8))*q is divided by 5.
4
Suppose -4*m = m - 5, -178 = -3*q + 5*m. What is the remainder when q is divided by 3*4/(-12)*-3*7?
19
Let s(y) = 13*y + 1. What is the remainder when 67 is divided by s(1)?
11
Suppose 0 = 2*r - 5*k + 60, 6*k - 85 = 3*r + k. Let b = r - -48. Let z = 74 + -30. Calculate the remainder when z is divided by b.
21
Suppose 5*t = -k + 121, -k = -5*t + 2*t + 71. What is the remainder when 47 is divided by t?
23
Let v = 1 + 4. Suppose -36 = -v*o + o. Suppose 0 = 3*s - 159 + o. What is the remainder when s is divided by 26?
24
Let u(x) = -x**3 + 4*x**2 + 4*x + 3. Let h be u(5). What is the remainder when (-2 - (h + -2)) + 1 is divided by 1?
0
Let p(g) = 2*g**2 - 2*g + 2. Let w be p(2). Suppose -w*m = -m - 15. What is the remainder when (-1 - -3)*(5 - 1) is divided by m?
2
Suppose 0*o - o = 10. Let a = 8 - o. What is the remainder when 34 is divided by a?
16
Let o = -12 + 14. Suppose z + 13 = o*l, -z + 1 = 4. Calculate the remainder when 18 is divided by l.
3
Calculate the remainder when 33 is divided by -3 + 3 + 2 + 5.
5
Let i(q) be the first derivative of -q**3/3 - 11*q**2/2 - 6*q - 2. Let d be i(-10). What is the remainder when 14 is divided by 66/14 - d/(-14)?
4
Suppose -87 + 367 = 8*d. What is the remainder when 67 is divided by d?
32
Let p = -10 - -17. Let w = 4 + -2. Calculate the remainder when p is divided by w.
1
Suppose -2*j = n - 631, -5*n = 4*j - 6*j + 613. Calculate the remainder when j is divided by 45.
44
Suppose 1 = 3*d - 41. What is the remainder when 68 is divided by d?
12
Suppose -u + 21 = -1. Suppose -k + 6*k = 25. Suppose -5*m - k + 65 = 0. Calculate the remainder when u is divided by m.
10
Suppose 3*s + 0*s - 45 = 0. Calculate the remainder when 28 is divided by s.
13
Suppose 66 = 11*y - 5*y. Calculate the remainder when 17 is divided by y.
6
Let p(w) = 6*w**2 + 2*w - 3. Suppose -2*o + 28 = -2*y, -3*o + 2*y - 17 = -6*o. Calculate the remainder when p(2) is divided by o.
7
Let x(t) = 2*t**2 - 4*t**2 - 2*t**2 + 6*t**2. Calculate the remainder when 1/(-1 - 6/(-4)) is divided by x(-1).
0
Let g = -37 - -66. Suppose x - 4*c + 22 = -0*x, -c = -4*x - 88. Calculate the remainder when g is divided by x/(-3) - (-8)/12.
5
Suppose -4*y - 82 = -2*y. Let j = -26 - y. Calculate the remainder when 43 is divided by j.
13
Let c(q) = q - 1. Let w(a) = -9*a + 1. Let g(h) = 4*c(h) + w(h). What is the remainder when g(-5) is divided by 12?
10
Suppose -z - g + 19 = g, 2*z - 11 = 5*g. What is the remainder when z is divided by 5?
3
Suppose 3*u = -5*q - 6, u = 2*q + q + 12. Suppose 28 - 7 = u*p. Let f(x) = -x**2 - 7*x + 6. What is the remainder when f(-6) is divided by p?
5
Let t be -1 + 42/3 + -1. Let u = t - 6. What is the remainder when 11 is divided by u?
5
Let v(k) = k + 5. Let u be v(0). Suppose 8 + 7 = u*z. Calculate the remainder when 12 is divided by z.
0
Let c(j) = 5*j. Let w be c(4). Suppose -2*q + 0*q = -10. Suppose q*k - w = k. Calculate the remainder when k is divided by 3.
2
Suppose -b + 7 - 52 = 2*r, 2*r + 33 = 3*b. Let d = 38 + r. Let q = d + -7. Calculate the remainder when q is divided by 6.
4
Let f = 244 + -165. Let j = -43 + f. What is the remainder when j is divided by 13?
10
Suppose 4 = -4*s - 2*a, 0 = -5*s + 2*s - 4*a + 2. Calculate the remainder when 116/(-5)*40/(-16) is divided by 18 - -1 - (-3 - s).
18
Let t(h) = -6*h - 5. Let a(r) = r. Let z(i) = 4*a(i) + t(i). Calculate the remainder when 32 is divided by z(-8).
10
Suppose 0 = 3*u + 2*d - 29, 2*